se -c*q - 5*k = 1980, -3*q + 5*k + 177 = 1365. List the prime factors of (q/16)/(-3)*4.
3, 11
Let m(q) = -q**2 + 20*q + 7. Let y(x) = -x**3 + 4*x**2 + 5*x - 11. Let f be y(4). What are the prime factors of m(f)?
2, 53
Let z(l) = 42*l**3 + l**2 - l. What are the prime factors of z(3)?
2, 3, 5, 19
Let b be (-88)/33*(-6)/(-4). List the prime factors of ((-2)/b)/((-6534)/1308 + 5).
109
Suppose 0*t + 51 = 3*q + 3*t, -4*t = -2*q + 4. Let l = -14 + q. List the prime factors of ((-105)/14)/(l/4).
3, 5
Let d be 6 + (-3 - -8 - 5). Suppose 5 = d*v - v, q = -2*v + 195. What are the prime factors of q?
193
Suppose 0 = m - 5, m + m - 20 = -5*x. Suppose -x*q = -i + 149, 0 = -2*i - 5*q + 134 + 146. Suppose i = -5*g + 10*g. List the prime factors of g.
29
Suppose 0 = -4*b + 16 - 0. Suppose -2*c - b = 0, -c + 14 = 3*y + y. Suppose -y*s = -6*s + 76. What are the prime factors of s?
2, 19
Let b be (-819)/(-42) - (-2)/8*-2. Suppose 0 = -b*m + 25*m - 624. What are the prime factors of m?
2, 13
Let g = -1465 + 2452. List the prime factors of g.
3, 7, 47
Let b(c) = -19*c + 1. Let y be b(-1). Let h be (0 - -9)*(-1)/(-3). Suppose y = h*m - 25. What are the prime factors of m?
3, 5
Let o(c) = -12*c**3 - 6*c**2 - 12*c + 2. List the prime factors of o(-4).
2, 19
Let s be 12/54 - (-122)/18. Suppose 2*x - 105 = s*x. List the prime factors of (18/8)/(x/(-56)).
2, 3
Suppose 196 = 2*t + 2*g - 96, 0 = 3*t + g - 432. List the prime factors of t.
11, 13
List the prime factors of ((-16)/10)/(44/(-31405)).
2, 571
List the prime factors of (6/(-8) + 0)/(3/(-16)).
2
Let m be 28/(-2) + -3 + 2 + -2. Let l = m + 29. List the prime factors of l.
2, 3
Let u be 1/(98/32 - 3). Let c = u - 22. What are the prime factors of ((-4)/5)/(c/165)?
2, 11
Let y(j) = 4*j**2 - j + 1. Let n = -6 - -2. Let d be 1*(n + -4 + 6). What are the prime factors of y(d)?
19
Let z = -17 + 13. Let d be 2/(z*1/(-4)). Suppose -d*i = 3*b - 19, -4*b - 3*i + 25 = -0. List the prime factors of b.
7
Let s(v) = 4*v**2 + 10. Let g be (-1 + 2)*3 - (-18 + 14). What are the prime factors of s(g)?
2, 103
Suppose 5*p = -n, -3*p = -4*n - 5 + 28. Suppose -2*f + x + 192 = 0, n*f - 3*f + 3*x = 200. What are the prime factors of f?
97
Let l be 2 + -4 + 3 + 2. Suppose l*q = 8*q + 80. Let x = 10 - q. What are the prime factors of x?
2, 13
Let n = 3213 + -1759. List the prime factors of n.
2, 727
Let m(a) = -3*a - 9. Let s be m(-6). Let v(h) be the second derivative of -h**5/20 + 3*h**4/4 + h**3/3 + 13*h**2/2 - 17*h + 5. List the prime factors of v(s).
31
Suppose 0 = 2*u + 23 - 19. Let k be 0 + u + (1 - 5). Let d(b) = b**3 + 6*b**2 - 5*b - 8. List the prime factors of d(k).
2, 11
Let a = -1120 - -1771. What are the prime factors of a?
3, 7, 31
List the prime factors of ((-147)/35 + 1)/((-10)/10225).
2, 409
Suppose -3*x + 1020 = 2*x - 4*r, 5*r = 25. What are the prime factors of x?
2, 13
Suppose v + l + 7486 = -0*v, -v + 2*l - 7483 = 0. What are the prime factors of (-5)/165*v + (-4)/(-22)?
227
Let f be 0 - -1 - -1 - (-754)/13. List the prime factors of (10/20)/(2/f + 0).
3, 5
Let b(j) = -1085*j + 207. What are the prime factors of b(-4)?
4547
Suppose -20 = 2*h + 26. Let u = h + 42. Let z = 31 - u. What are the prime factors of z?
2, 3
Suppose 566 = 6*x - 376. List the prime factors of x.
157
Let n be 3*1/(-6)*-6. Suppose 0 = -4*r + n*b - 604 - 315, -2*r = -5*b + 463. What are the prime factors of r/(-6) + (-8)/48?
2, 19
Let g(b) be the second derivative of 3*b**3/2 - 12*b**2 - 15*b. What are the prime factors of g(10)?
2, 3, 11
Let h be (-2)/8 - (-187)/44. Suppose 5*t + 5*n + 21 = 2*n, 0 = 2*t - h*n - 2. What are the prime factors of 0 + 3 + 3/t?
2
Let k = 21 + -13. Let j be (5 - 3)*((-4)/(-2) - -4). Suppose j + k = 5*t. List the prime factors of t.
2
Suppose -178 = 4*r + 2*l, 3*l - 4*l = -4*r - 193. Let n = 77 + r. What are the prime factors of n?
2, 3, 5
Let n be (185/10)/((-2)/(-4)). Let h = 32 + n. What are the prime factors of h?
3, 23
Suppose -336 + 78 = -o. List the prime factors of o.
2, 3, 43
Let m(f) = 2*f**2 - 6*f - 8. Let a be m(5). What are the prime factors of a/(-9) + 2244/9?
2, 31
Let b = -251 + 660. What are the prime factors of b?
409
Suppose 4*b - b - 39 = -3*z, -5*b + 73 = -3*z. Let s = b + 4. What are the prime factors of s?
2, 3
Suppose -g - 55 = 4*g. What are the prime factors of (-5 + (-2 - g))*158/8?
79
Let c(i) = -127*i + 118. What are the prime factors of c(0)?
2, 59
Let d(w) = -w**3 - w**2 + 2*w + 3. Let j be d(0). Suppose 136 = j*a + 52. What are the prime factors of a?
2, 7
Let r = -464 - -911. What are the prime factors of r?
3, 149
Let u = -1154 - -1636. List the prime factors of u.
2, 241
Suppose 10*x = 31*x - 10206. What are the prime factors of x?
2, 3
List the prime factors of (61 - 9)/(6/93).
2, 13, 31
Suppose 13 + 7 = t + 5*u, 4*t - 3*u = -35. Let z = 315 - 240. List the prime factors of z/10*(-1 - t).
2, 3, 5
Let b(r) = -3*r - 14. Suppose 0 = -4*p + 4*t - 0*t + 24, 0 = 4*p - 5*t - 28. Suppose p*l + 36 = -l. List the prime factors of b(l).
2, 11
Suppose 7*l - 15 = -43. Let y = 37 + l. What are the prime factors of y?
3, 11
Let i = -151 - -832. Suppose 254 = 5*k - i. What are the prime factors of k?
11, 17
Suppose 4*b = z + 18, -2*b + 3*b - 2*z = 8. Suppose b*t + 2 = -10. What are the prime factors of t - 28/2*-1?
11
Suppose -5*v = -0 - 15. Suppose 5*f = v*y - 37, -3*y + 0*f - 3*f + 21 = 0. List the prime factors of y.
3
Let q(i) = i**2 + 8*i - 3. Let a(h) = -5*h - 4. Let x be a(-4). Suppose j - 4*j = -4*k - 48, -5*j - x = 4*k. List the prime factors of q(k).
2, 3
Suppose -16*i + 4*i + 3684 = 0. Suppose 4*t - 113 = i. What are the prime factors of t?
3, 5, 7
Let k = -1 + 9. Let i(h) = -h**2 + 8*h + 3. Let p be i(k). Suppose -u - o = -10, u + o - 34 = -p*u. What are the prime factors of u?
2
Suppose -2*g + 4*g = 70. Suppose -5*y + 5*o = -20 - g, -5*y + o = -67. Suppose 4*i + 1 + 6 = -5*k, 0 = i - 4*k - y. What are the prime factors of i?
2
List the prime factors of (-4)/(0 - -2)*(-76551)/114.
17, 79
What are the prime factors of 6615/75*(4 + 20 + 1)?
3, 5, 7
Let c = 3277 - 1244. List the prime factors of c.
19, 107
Suppose 103*g = 85*g + 97182. List the prime factors of g.
5399
Let f = -64 - -70. Suppose 0 = f*l - 15*l + 981. List the prime factors of l.
109
Suppose -689 = 4*q - 865. What are the prime factors of q?
2, 11
Suppose -9*c + 3061 = z - 13*c, 3*z + c = 9157. What are the prime factors of z?
43, 71
What are the prime factors of ((-117)/(-4) + 2)*(28 + 40)?
5, 17
Suppose 284 = 4*h - z, -5*h + 171 = -2*z - 181. Suppose -3*a - 3*a = -h. List the prime factors of a.
2, 3
Let m(q) = 2*q**3 - 13*q**2 - 5*q - 9. Let r be m(7). Suppose 0 = 2*p - 4 - 4. Suppose d = 3*w - 3, r - 19 = -p*d - w. List the prime factors of d.
3
Suppose 0 = -2*a - 2*a. Suppose 0 = 42*o - 86*o + 45*o. Suppose p + 4*t - 39 = 0, o*p + 4*p - 5*t - 219 = a. What are the prime factors of p?
3, 17
Let c be (-6 + 3)/3 - -499. Suppose c = 7*z - 468. What are the prime factors of z?
2, 3, 23
Suppose 4*s = -0*s - 40. List the prime factors of (192/s)/((-6)/30).
2, 3
Let m(q) be the third derivative of q**5/60 + 9*q**4/8 + 31*q**3/3 + 31*q**2. What are the prime factors of m(-27)?
2, 31
Let z(t) = -460*t + 15. Let s be z(4). List the prime factors of 3/9 + s/(-15).
2, 61
Let f(s) = s**3 - 9*s**2 - 14*s + 2. Let t be f(12). Suppose -t = -2*q + 2*d, 4*d - 274 = -2*q + 2*d. Let m = q - 82. List the prime factors of m.
53
Suppose -5*g - 7 = 4*y, 5*y + 0 = -2*g + 4. Let n be (-4)/((-4)/(-3)) - g. Suppose n = 6*u - 9*u + 87. List the prime factors of u.
29
Let o = -34 + 34. Suppose -3*k + 2*k + 32 = o. List the prime factors of k.
2
What are the prime factors of (220 + 2 - (-8)/2)*1?
2, 113
Let l(p) = 38*p**2 + 27*p - 88. What are the prime factors of l(3)?
5, 67
Suppose -3*b + 0*f = -2*f - 8, -3*b - 5*f - 20 = 0. Let h = -14 - -16. Suppose -3*v - h*v = 20, -5*r - 5*v - 5 = b. List the prime factors of r.
3
Let f = -147 + 35. Let k = 16 - f. List the prime factors of k.
2
Let o(i) = -i**2 - 19*i + 12. What are the prime factors of o(-16)?
2, 3, 5
Suppose 4*x = x + 24. Let y = -8 + x. Suppose -64 = -4*f - y*f. What are the prime factors of f?
2
Suppose 46094 - 15734 = 12*q. What are the prime factors of q?
2, 5, 11, 23
Let p = 30 - 20. 